{"id":4600,"date":"2025-03-02T16:53:38","date_gmt":"2025-03-02T15:53:38","guid":{"rendered":"https:\/\/promusica.org.pl\/?page_id=4600"},"modified":"2025-09-30T11:52:28","modified_gmt":"2025-09-30T09:52:28","slug":"josef-niederhammer","status":"publish","type":"page","link":"https:\/\/promusica.org.pl\/en\/josef-niederhammer\/","title":{"rendered":"Oskars Bokanovs"},"content":{"rendered":"<p><\/p>\n<p data-start=\"83\" data-end=\"331\">Oskars Bokanovs, born in 1990 in Riga, began studying double bass at an early age, continuing his education at Em\u012bls D\u0101rzi\u0146\u0161 Music Secondary School, the J\u0101zeps V\u012btols Latvian Academy of Music, and the Jan\u00e1\u010dek Academy of Music and Performing Arts.<\/p>\n<p data-start=\"333\" data-end=\"552\">Since 2017, he has been Principal Solo Double Bassist of the Latvian National Symphony Orchestra, while also teaching double bass at the J\u0101zeps V\u012btols Latvian Academy of Music and Em\u012bls D\u0101rzi\u0146\u0161 Music Secondary School.<\/p>\n<p data-start=\"554\" data-end=\"755\">Bokanovs has won awards at international double bass competitions in the Czech Republic and Poland, including first prize at the 8th International Franti\u0161ek Simandl Double Bass Competition in Blatn\u00e1.<\/p>\n<p data-start=\"757\" data-end=\"1212\">As a soloist and chamber musician, he has performed across Europe and Japan, collaborating with orchestras and artists such as Kremerata Baltica, Mariss Jansons, Gidon Kremer, Sergei Nakariakov, and Marta Argerich. He has taken part in numerous festivals and concert series, including LNSO chamber music programs, \u201cBaroque Pearls,\u201d and \u201c16 Double Basses and Alice in Wonderland,\u201d and premiered works by contemporary composers such as Kristaps P\u0113tersons.<\/p>\n<p data-start=\"1214\" data-end=\"1521\">Oskars also gives lectures and masterclasses for young double bassists throughout Europe, including at international conferences in Brno. His repertoire spans both solo and chamber music, with recordings featured on radio broadcasts and various CD projects. He speaks Latvian, Russian, English, and Czech.<\/p>\n<p><\/p>","protected":false},"excerpt":{"rendered":"<p>Oskars Bokanovs, born in 1990 in Riga, began studying double bass at an early age, continuing his education at Em\u012bls D\u0101rzi\u0146\u0161 Music Secondary School, the J\u0101zeps V\u012btols Latvian Academy of Music, and the Jan\u00e1\u010dek Academy of Music and Performing Arts. Since 2017, he has been Principal Solo Double Bassist of the Latvian National Symphony Orchestra,&#8230;<\/p>\n","protected":false},"author":2,"featured_media":0,"parent":0,"menu_order":0,"comment_status":"closed","ping_status":"closed","template":"","meta":{"_kad_post_transparent":"default","_kad_post_title":"default","_kad_post_layout":"default","_kad_post_sidebar_id":"","_kad_post_content_style":"default","_kad_post_vertical_padding":"default","_kad_post_feature":"","_kad_post_feature_position":"","_kad_post_header":false,"_kad_post_footer":false,"footnotes":""},"class_list":["post-4600","page","type-page","status-publish","hentry"],"yoast_head":"<!-- This site is optimized with the Yoast SEO plugin v26.4 - https:\/\/yoast.com\/wordpress\/plugins\/seo\/ -->\n<title>Oskars Bokanovs - Pro Musica<\/title>\n<meta name=\"robots\" content=\"index, follow, max-snippet:-1, max-image-preview:large, max-video-preview:-1\" \/>\n<link rel=\"canonical\" href=\"https:\/\/promusica.org.pl\/en\/josef-niederhammer\/\" \/>\n<meta property=\"og:locale\" content=\"en_US\" \/>\n<meta property=\"og:type\" content=\"article\" \/>\n<meta property=\"og:title\" content=\"Oskars Bokanovs - Pro Musica\" \/>\n<meta property=\"og:description\" content=\"Oskars Bokanovs, born in 1990 in Riga, began studying double bass at an early age, continuing his education at Em\u012bls D\u0101rzi\u0146\u0161 Music Secondary School, the J\u0101zeps V\u012btols Latvian Academy of Music, and the Jan\u00e1\u010dek Academy of Music and Performing Arts. Since 2017, he has been Principal Solo Double Bassist of the Latvian National Symphony Orchestra,...\" \/>\n<meta property=\"og:url\" content=\"https:\/\/promusica.org.pl\/en\/josef-niederhammer\/\" \/>\n<meta property=\"og:site_name\" content=\"Pro Musica\" \/>\n<meta property=\"article:modified_time\" content=\"2025-09-30T09:52:28+00:00\" \/>\n<meta name=\"twitter:label1\" content=\"Est. reading time\" \/>\n\t<meta name=\"twitter:data1\" content=\"2 minutes\" \/>\n<script type=\"application\/ld+json\" class=\"yoast-schema-graph\">{\"@context\":\"https:\/\/schema.org\",\"@graph\":[{\"@type\":\"WebPage\",\"@id\":\"https:\/\/promusica.org.pl\/en\/josef-niederhammer\/\",\"url\":\"https:\/\/promusica.org.pl\/en\/josef-niederhammer\/\",\"name\":\"Oskars Bokanovs - Pro Musica\",\"isPartOf\":{\"@id\":\"https:\/\/promusica.org.pl\/en\/#website\"},\"datePublished\":\"2025-03-02T15:53:38+00:00\",\"dateModified\":\"2025-09-30T09:52:28+00:00\",\"breadcrumb\":{\"@id\":\"https:\/\/promusica.org.pl\/en\/josef-niederhammer\/#breadcrumb\"},\"inLanguage\":\"en-US\",\"potentialAction\":[{\"@type\":\"ReadAction\",\"target\":[[\"https:\/\/promusica.org.pl\/en\/josef-niederhammer\/\"]]}]},{\"@type\":\"BreadcrumbList\",\"@id\":\"https:\/\/promusica.org.pl\/en\/josef-niederhammer\/#breadcrumb\",\"itemListElement\":[{\"@type\":\"ListItem\",\"position\":1,\"name\":\"Strona g\u0142\u00f3wna\",\"item\":\"https:\/\/promusica.org.pl\/en\/\"},{\"@type\":\"ListItem\",\"position\":2,\"name\":\"Oskars Bokanovs\"}]},{\"@type\":\"WebSite\",\"@id\":\"https:\/\/promusica.org.pl\/en\/#website\",\"url\":\"https:\/\/promusica.org.pl\/en\/\",\"name\":\"Pro Musica\",\"description\":\"warsztaty muzyczne, warsztaty orkiestrowe, konkurs na instrumenty solo\",\"publisher\":{\"@id\":\"https:\/\/promusica.org.pl\/en\/#organization\"},\"potentialAction\":[{\"@type\":\"SearchAction\",\"target\":{\"@type\":\"EntryPoint\",\"urlTemplate\":\"https:\/\/promusica.org.pl\/en\/?s={search_term_string}\"},\"query-input\":{\"@type\":\"PropertyValueSpecification\",\"valueRequired\":true,\"valueName\":\"search_term_string\"}}],\"inLanguage\":\"en-US\"},{\"@type\":\"Organization\",\"@id\":\"https:\/\/promusica.org.pl\/en\/#organization\",\"name\":\"Pro Musica\",\"url\":\"https:\/\/promusica.org.pl\/en\/\",\"logo\":{\"@type\":\"ImageObject\",\"inLanguage\":\"en-US\",\"@id\":\"https:\/\/promusica.org.pl\/en\/#\/schema\/logo\/image\/\",\"url\":\"https:\/\/promusica.org.pl\/assets\/cropped-logo.jpg\",\"contentUrl\":\"https:\/\/promusica.org.pl\/assets\/cropped-logo.jpg\",\"width\":239,\"height\":95,\"caption\":\"Pro Musica\"},\"image\":{\"@id\":\"https:\/\/promusica.org.pl\/en\/#\/schema\/logo\/image\/\"}}]}<\/script>\n<!-- \/ Yoast SEO plugin. -->","yoast_head_json":{"title":"Oskars Bokanovs - Pro Musica","robots":{"index":"index","follow":"follow","max-snippet":"max-snippet:-1","max-image-preview":"max-image-preview:large","max-video-preview":"max-video-preview:-1"},"canonical":"https:\/\/promusica.org.pl\/en\/josef-niederhammer\/","og_locale":"en_US","og_type":"article","og_title":"Oskars Bokanovs - Pro Musica","og_description":"Oskars Bokanovs, born in 1990 in Riga, began studying double bass at an early age, continuing his education at Em\u012bls D\u0101rzi\u0146\u0161 Music Secondary School, the J\u0101zeps V\u012btols Latvian Academy of Music, and the Jan\u00e1\u010dek Academy of Music and Performing Arts. Since 2017, he has been Principal Solo Double Bassist of the Latvian National Symphony Orchestra,...","og_url":"https:\/\/promusica.org.pl\/en\/josef-niederhammer\/","og_site_name":"Pro Musica","article_modified_time":"2025-09-30T09:52:28+00:00","twitter_misc":{"Est. reading time":"2 minutes"},"schema":{"@context":"https:\/\/schema.org","@graph":[{"@type":"WebPage","@id":"https:\/\/promusica.org.pl\/en\/josef-niederhammer\/","url":"https:\/\/promusica.org.pl\/en\/josef-niederhammer\/","name":"Oskars Bokanovs - Pro Musica","isPartOf":{"@id":"https:\/\/promusica.org.pl\/en\/#website"},"datePublished":"2025-03-02T15:53:38+00:00","dateModified":"2025-09-30T09:52:28+00:00","breadcrumb":{"@id":"https:\/\/promusica.org.pl\/en\/josef-niederhammer\/#breadcrumb"},"inLanguage":"en-US","potentialAction":[{"@type":"ReadAction","target":[["https:\/\/promusica.org.pl\/en\/josef-niederhammer\/"]]}]},{"@type":"BreadcrumbList","@id":"https:\/\/promusica.org.pl\/en\/josef-niederhammer\/#breadcrumb","itemListElement":[{"@type":"ListItem","position":1,"name":"Strona g\u0142\u00f3wna","item":"https:\/\/promusica.org.pl\/en\/"},{"@type":"ListItem","position":2,"name":"Oskars Bokanovs"}]},{"@type":"WebSite","@id":"https:\/\/promusica.org.pl\/en\/#website","url":"https:\/\/promusica.org.pl\/en\/","name":"Pro Musica","description":"warsztaty muzyczne, warsztaty orkiestrowe, konkurs na instrumenty solo","publisher":{"@id":"https:\/\/promusica.org.pl\/en\/#organization"},"potentialAction":[{"@type":"SearchAction","target":{"@type":"EntryPoint","urlTemplate":"https:\/\/promusica.org.pl\/en\/?s={search_term_string}"},"query-input":{"@type":"PropertyValueSpecification","valueRequired":true,"valueName":"search_term_string"}}],"inLanguage":"en-US"},{"@type":"Organization","@id":"https:\/\/promusica.org.pl\/en\/#organization","name":"Pro Musica","url":"https:\/\/promusica.org.pl\/en\/","logo":{"@type":"ImageObject","inLanguage":"en-US","@id":"https:\/\/promusica.org.pl\/en\/#\/schema\/logo\/image\/","url":"https:\/\/promusica.org.pl\/assets\/cropped-logo.jpg","contentUrl":"https:\/\/promusica.org.pl\/assets\/cropped-logo.jpg","width":239,"height":95,"caption":"Pro Musica"},"image":{"@id":"https:\/\/promusica.org.pl\/en\/#\/schema\/logo\/image\/"}}]}},"_links":{"self":[{"href":"https:\/\/promusica.org.pl\/en\/wp-json\/wp\/v2\/pages\/4600","targetHints":{"allow":["GET"]}}],"collection":[{"href":"https:\/\/promusica.org.pl\/en\/wp-json\/wp\/v2\/pages"}],"about":[{"href":"https:\/\/promusica.org.pl\/en\/wp-json\/wp\/v2\/types\/page"}],"author":[{"embeddable":true,"href":"https:\/\/promusica.org.pl\/en\/wp-json\/wp\/v2\/users\/2"}],"replies":[{"embeddable":true,"href":"https:\/\/promusica.org.pl\/en\/wp-json\/wp\/v2\/comments?post=4600"}],"version-history":[{"count":3,"href":"https:\/\/promusica.org.pl\/en\/wp-json\/wp\/v2\/pages\/4600\/revisions"}],"predecessor-version":[{"id":4879,"href":"https:\/\/promusica.org.pl\/en\/wp-json\/wp\/v2\/pages\/4600\/revisions\/4879"}],"wp:attachment":[{"href":"https:\/\/promusica.org.pl\/en\/wp-json\/wp\/v2\/media?parent=4600"}],"curies":[{"name":"wp","href":"https:\/\/api.w.org\/{rel}","templated":true}]}}

<p></p>
<p data-start="83" data-end="331">Oskars Bokanovs, born in 1990 in Riga, began studying double bass at an early age, continuing his education at Emīls Dārziņš Music Secondary School, the Jāzeps Vītols Latvian Academy of Music, and the Janáček Academy of Music and Performing Arts.</p>
<p data-start="333" data-end="552">Since 2017, he has been Principal Solo Double Bassist of the Latvian National Symphony Orchestra, while also teaching double bass at the Jāzeps Vītols Latvian Academy of Music and Emīls Dārziņš Music Secondary School.</p>
<p data-start="554" data-end="755">Bokanovs has won awards at international double bass competitions in the Czech Republic and Poland, including first prize at the 8th International František Simandl Double Bass Competition in Blatná.</p>
<p data-start="757" data-end="1212">As a soloist and chamber musician, he has performed across Europe and Japan, collaborating with orchestras and artists such as Kremerata Baltica, Mariss Jansons, Gidon Kremer, Sergei Nakariakov, and Marta Argerich. He has taken part in numerous festivals and concert series, including LNSO chamber music programs, “Baroque Pearls,” and “16 Double Basses and Alice in Wonderland,” and premiered works by contemporary composers such as Kristaps Pētersons.</p>
<p data-start="1214" data-end="1521">Oskars also gives lectures and masterclasses for young double bassists throughout Europe, including at international conferences in Brno. His repertoire spans both solo and chamber music, with recordings featured on radio broadcasts and various CD projects. He speaks Latvian, Russian, English, and Czech.</p>
<p></p>

<p>Oskars Bokanovs, born in 1990 in Riga, began studying double bass at an early age, continuing his education at Emīls Dārziņš Music Secondary School, the Jāzeps Vītols Latvian Academy of Music, and the Janáček Academy of Music and Performing Arts. Since 2017, he has been Principal Solo Double Bassist of the Latvian National Symphony Orchestra,&#8230;</p>

<!-- This site is optimized with the Yoast SEO plugin v26.4 - https://yoast.com/wordpress/plugins/seo/ -->
<title>Oskars Bokanovs - Pro Musica</title>
<meta name="robots" content="index, follow, max-snippet:-1, max-image-preview:large, max-video-preview:-1" />
<link rel="canonical" href="https://promusica.org.pl/en/josef-niederhammer/" />
<meta property="og:locale" content="en_US" />
<meta property="og:type" content="article" />
<meta property="og:title" content="Oskars Bokanovs - Pro Musica" />
<meta property="og:description" content="Oskars Bokanovs, born in 1990 in Riga, began studying double bass at an early age, continuing his education at Emīls Dārziņš Music Secondary School, the Jāzeps Vītols Latvian Academy of Music, and the Janáček Academy of Music and Performing Arts. Since 2017, he has been Principal Solo Double Bassist of the Latvian National Symphony Orchestra,..." />
<meta property="og:url" content="https://promusica.org.pl/en/josef-niederhammer/" />
<meta property="og:site_name" content="Pro Musica" />
<meta property="article:modified_time" content="2025-09-30T09:52:28+00:00" />
<meta name="twitter:label1" content="Est. reading time" />
	<meta name="twitter:data1" content="2 minutes" />
<script type="application/ld+json" class="yoast-schema-graph">{"@context":"https://schema.org","@graph":[{"@type":"WebPage","@id":"https://promusica.org.pl/en/josef-niederhammer/","url":"https://promusica.org.pl/en/josef-niederhammer/","name":"Oskars Bokanovs - Pro Musica","isPartOf":{"@id":"https://promusica.org.pl/en/#website"},"datePublished":"2025-03-02T15:53:38+00:00","dateModified":"2025-09-30T09:52:28+00:00","breadcrumb":{"@id":"https://promusica.org.pl/en/josef-niederhammer/#breadcrumb"},"inLanguage":"en-US","potentialAction":[{"@type":"ReadAction","target":[["https://promusica.org.pl/en/josef-niederhammer/"]]}]},{"@type":"BreadcrumbList","@id":"https://promusica.org.pl/en/josef-niederhammer/#breadcrumb","itemListElement":[{"@type":"ListItem","position":1,"name":"Strona główna","item":"https://promusica.org.pl/en/"},{"@type":"ListItem","position":2,"name":"Oskars Bokanovs"}]},{"@type":"WebSite","@id":"https://promusica.org.pl/en/#website","url":"https://promusica.org.pl/en/","name":"Pro Musica","description":"warsztaty muzyczne, warsztaty orkiestrowe, konkurs na instrumenty solo","publisher":{"@id":"https://promusica.org.pl/en/#organization"},"potentialAction":[{"@type":"SearchAction","target":{"@type":"EntryPoint","urlTemplate":"https://promusica.org.pl/en/?s={search_term_string}"},"query-input":{"@type":"PropertyValueSpecification","valueRequired":true,"valueName":"search_term_string"}}],"inLanguage":"en-US"},{"@type":"Organization","@id":"https://promusica.org.pl/en/#organization","name":"Pro Musica","url":"https://promusica.org.pl/en/","logo":{"@type":"ImageObject","inLanguage":"en-US","@id":"https://promusica.org.pl/en/#/schema/logo/image/","url":"https://promusica.org.pl/assets/cropped-logo.jpg","contentUrl":"https://promusica.org.pl/assets/cropped-logo.jpg","width":239,"height":95,"caption":"Pro Musica"},"image":{"@id":"https://promusica.org.pl/en/#/schema/logo/image/"}}]}</script>
<!-- / Yoast SEO plugin. -->

Oskars Bokanovs, born in 1990 in Riga, began studying double bass at an early age, continuing his education at Emīls Dārziņš Music Secondary School, the Jāzeps Vītols Latvian Academy of Music, and the Janáček Academy of Music and Performing Arts. Since 2017, he has been Principal Solo Double Bassist of the Latvian National Symphony Orchestra,...

Strona główna
