{"id":4598,"date":"2025-03-02T16:54:29","date_gmt":"2025-03-02T15:54:29","guid":{"rendered":"https:\/\/promusica.org.pl\/?page_id=4598"},"modified":"2025-03-04T17:28:26","modified_gmt":"2025-03-04T16:28:26","slug":"vladimir-bukac","status":"publish","type":"page","link":"https:\/\/promusica.org.pl\/en\/vladimir-bukac\/","title":{"rendered":"Vladim\u00edr Buka\u010d"},"content":{"rendered":"<p>Vladim\u00edr Buka\u010d is one of the foremost viola players in the Czech Republic. He was born in1964 and started playing violin at a very early age, continuing his studies with Nora Grumlikova at the Conservatory and the Academy of Performing Arts in Prague and then with Wolfgang Marschner at the University of Music in Freiburg, Germany. Already during his studies Bukac gained attention by winning prizes in several domestic and international competitions.<\/p>\n<p>&nbsp;<\/p>\n<p>Between 1990 &#8211; 1993 was Vladimir Buka\u010d engaged in Japan as soloist and chamber musician, performing in all prestigious venues of Japan, as well as touring Australia and New Zealand. After returning to Europe Vladim\u00edr Buka\u010d was invited to join the renowned Talich string quartet, (1993-2017) which has been considered for many years to be one of the worlds\u00b4s finest string quartets. Over the past few decades, the Talich string quartet has been representing Czech musical art through the whole of Europe, Japan, North &amp; South Americas, and South Korea, making dozens of rewarded records and giving master classes world-wide. After finishing his quartet career in 2017, he devoted himself to solo &amp; chamber music performances and more to pedagogical activities. Since 2002, Vladim\u00edr Buka\u010d has been a much sought-after professor at the University of Music in Dresden and since 2016 at the Conservatoire royal de Bruxelles. He is repeatedly invited to the juries of major international competitions (L. Tertis, ARD Munich, etc.).<\/p>\n<p>&nbsp;<\/p>\n<p>In addition, he is the artistic leader of the master classes organized by the Czech-French Academy in Tel\u010d (www.akademietelc.cz). He is regularly invited to music festivals not only in Europe (Helsinki, Sardinia, Prades ..), but also in Japan, Israel and the USA, where he collaborates with important artists. The concert of the concert series &#8220;International recitals&#8221; for the BBC from Bristol, England, broadcast live to 60 countries, was particularly well received.<\/p>\n<p>&nbsp;<\/p>\n<p>His rich viola repertoire includes compositions and concerts of all styles, many of which are recorded on CDs or Czech Radio and the BBC. An exceptional recording can be considered a complete performance of M. Reger&#8217;s Suit and a recording of a concert by B. Bart\u00f3k, B. Martin\u016f with the Czech Radio Symphony Orchestra, which was ranked among the TOP 10 CDs of Gramophone 2007. He made the very first recording ever of all sonatas for viola and piano composed by Jind\u0159ich Feld, of the concerto by A. Stamic in B flat major and the very first world recording of the viola concerto by F. Doma\u017elick\u00fd, composed in 1966, in collaboration with the Czech Radio Symphony Orchestra. He made several acclaimed recordings on viola for the Czech Radio and BBC. Some of his CDs were voted one of Classic CD magazine\u2019s \u201cChoices of the Month\u201d and were also praised with similar enthusiasm from The Strad Magazine and the Gramophone.<\/p>\n<p>&nbsp;<\/p>\n<p>He plays an Italian instrument built from the workshop of two important masters &#8211; Santini Lavazza &amp; G.B. Guadanini, Milan 1725\/75.<\/p>","protected":false},"excerpt":{"rendered":"<p>Vladim\u00edr Buka\u010d is one of the foremost viola players in the Czech Republic. He was born in1964 and started playing violin at a very early age, continuing his studies with Nora Grumlikova at the Conservatory and the Academy of Performing Arts in Prague and then with Wolfgang Marschner at the University of Music in Freiburg,&#8230;<\/p>\n","protected":false},"author":2,"featured_media":0,"parent":0,"menu_order":0,"comment_status":"closed","ping_status":"closed","template":"","meta":{"_kad_post_transparent":"default","_kad_post_title":"default","_kad_post_layout":"default","_kad_post_sidebar_id":"","_kad_post_content_style":"default","_kad_post_vertical_padding":"default","_kad_post_feature":"","_kad_post_feature_position":"","_kad_post_header":false,"_kad_post_footer":false,"footnotes":""},"class_list":["post-4598","page","type-page","status-publish","hentry"],"yoast_head":"<!-- This site is optimized with the Yoast SEO plugin v26.4 - https:\/\/yoast.com\/wordpress\/plugins\/seo\/ -->\n<title>Vladim\u00edr Buka\u010d - Pro Musica<\/title>\n<meta name=\"robots\" content=\"index, follow, max-snippet:-1, max-image-preview:large, max-video-preview:-1\" \/>\n<link rel=\"canonical\" href=\"https:\/\/promusica.org.pl\/en\/vladimir-bukac\/\" \/>\n<meta property=\"og:locale\" content=\"en_US\" \/>\n<meta property=\"og:type\" content=\"article\" \/>\n<meta property=\"og:title\" content=\"Vladim\u00edr Buka\u010d - Pro Musica\" \/>\n<meta property=\"og:description\" content=\"Vladim\u00edr Buka\u010d is one of the foremost viola players in the Czech Republic. He was born in1964 and started playing violin at a very early age, continuing his studies with Nora Grumlikova at the Conservatory and the Academy of Performing Arts in Prague and then with Wolfgang Marschner at the University of Music in Freiburg,...\" \/>\n<meta property=\"og:url\" content=\"https:\/\/promusica.org.pl\/en\/vladimir-bukac\/\" \/>\n<meta property=\"og:site_name\" content=\"Pro Musica\" \/>\n<meta property=\"article:modified_time\" content=\"2025-03-04T16:28:26+00:00\" \/>\n<meta name=\"twitter:label1\" content=\"Est. reading time\" \/>\n\t<meta name=\"twitter:data1\" content=\"3 minutes\" \/>\n<script type=\"application\/ld+json\" class=\"yoast-schema-graph\">{\"@context\":\"https:\/\/schema.org\",\"@graph\":[{\"@type\":\"WebPage\",\"@id\":\"https:\/\/promusica.org.pl\/en\/vladimir-bukac\/\",\"url\":\"https:\/\/promusica.org.pl\/en\/vladimir-bukac\/\",\"name\":\"Vladim\u00edr Buka\u010d - Pro Musica\",\"isPartOf\":{\"@id\":\"https:\/\/promusica.org.pl\/en\/#website\"},\"datePublished\":\"2025-03-02T15:54:29+00:00\",\"dateModified\":\"2025-03-04T16:28:26+00:00\",\"breadcrumb\":{\"@id\":\"https:\/\/promusica.org.pl\/en\/vladimir-bukac\/#breadcrumb\"},\"inLanguage\":\"en-US\",\"potentialAction\":[{\"@type\":\"ReadAction\",\"target\":[[\"https:\/\/promusica.org.pl\/en\/vladimir-bukac\/\"]]}]},{\"@type\":\"BreadcrumbList\",\"@id\":\"https:\/\/promusica.org.pl\/en\/vladimir-bukac\/#breadcrumb\",\"itemListElement\":[{\"@type\":\"ListItem\",\"position\":1,\"name\":\"Strona g\u0142\u00f3wna\",\"item\":\"https:\/\/promusica.org.pl\/en\/\"},{\"@type\":\"ListItem\",\"position\":2,\"name\":\"Vladim\u00edr Buka\u010d\"}]},{\"@type\":\"WebSite\",\"@id\":\"https:\/\/promusica.org.pl\/en\/#website\",\"url\":\"https:\/\/promusica.org.pl\/en\/\",\"name\":\"Pro Musica\",\"description\":\"warsztaty muzyczne, warsztaty orkiestrowe, konkurs na instrumenty solo\",\"publisher\":{\"@id\":\"https:\/\/promusica.org.pl\/en\/#organization\"},\"potentialAction\":[{\"@type\":\"SearchAction\",\"target\":{\"@type\":\"EntryPoint\",\"urlTemplate\":\"https:\/\/promusica.org.pl\/en\/?s={search_term_string}\"},\"query-input\":{\"@type\":\"PropertyValueSpecification\",\"valueRequired\":true,\"valueName\":\"search_term_string\"}}],\"inLanguage\":\"en-US\"},{\"@type\":\"Organization\",\"@id\":\"https:\/\/promusica.org.pl\/en\/#organization\",\"name\":\"Pro Musica\",\"url\":\"https:\/\/promusica.org.pl\/en\/\",\"logo\":{\"@type\":\"ImageObject\",\"inLanguage\":\"en-US\",\"@id\":\"https:\/\/promusica.org.pl\/en\/#\/schema\/logo\/image\/\",\"url\":\"https:\/\/promusica.org.pl\/assets\/cropped-logo.jpg\",\"contentUrl\":\"https:\/\/promusica.org.pl\/assets\/cropped-logo.jpg\",\"width\":239,\"height\":95,\"caption\":\"Pro Musica\"},\"image\":{\"@id\":\"https:\/\/promusica.org.pl\/en\/#\/schema\/logo\/image\/\"}}]}<\/script>\n<!-- \/ Yoast SEO plugin. -->","yoast_head_json":{"title":"Vladim\u00edr Buka\u010d - Pro Musica","robots":{"index":"index","follow":"follow","max-snippet":"max-snippet:-1","max-image-preview":"max-image-preview:large","max-video-preview":"max-video-preview:-1"},"canonical":"https:\/\/promusica.org.pl\/en\/vladimir-bukac\/","og_locale":"en_US","og_type":"article","og_title":"Vladim\u00edr Buka\u010d - Pro Musica","og_description":"Vladim\u00edr Buka\u010d is one of the foremost viola players in the Czech Republic. He was born in1964 and started playing violin at a very early age, continuing his studies with Nora Grumlikova at the Conservatory and the Academy of Performing Arts in Prague and then with Wolfgang Marschner at the University of Music in Freiburg,...","og_url":"https:\/\/promusica.org.pl\/en\/vladimir-bukac\/","og_site_name":"Pro Musica","article_modified_time":"2025-03-04T16:28:26+00:00","twitter_misc":{"Est. reading time":"3 minutes"},"schema":{"@context":"https:\/\/schema.org","@graph":[{"@type":"WebPage","@id":"https:\/\/promusica.org.pl\/en\/vladimir-bukac\/","url":"https:\/\/promusica.org.pl\/en\/vladimir-bukac\/","name":"Vladim\u00edr Buka\u010d - Pro Musica","isPartOf":{"@id":"https:\/\/promusica.org.pl\/en\/#website"},"datePublished":"2025-03-02T15:54:29+00:00","dateModified":"2025-03-04T16:28:26+00:00","breadcrumb":{"@id":"https:\/\/promusica.org.pl\/en\/vladimir-bukac\/#breadcrumb"},"inLanguage":"en-US","potentialAction":[{"@type":"ReadAction","target":[["https:\/\/promusica.org.pl\/en\/vladimir-bukac\/"]]}]},{"@type":"BreadcrumbList","@id":"https:\/\/promusica.org.pl\/en\/vladimir-bukac\/#breadcrumb","itemListElement":[{"@type":"ListItem","position":1,"name":"Strona g\u0142\u00f3wna","item":"https:\/\/promusica.org.pl\/en\/"},{"@type":"ListItem","position":2,"name":"Vladim\u00edr Buka\u010d"}]},{"@type":"WebSite","@id":"https:\/\/promusica.org.pl\/en\/#website","url":"https:\/\/promusica.org.pl\/en\/","name":"Pro Musica","description":"warsztaty muzyczne, warsztaty orkiestrowe, konkurs na instrumenty solo","publisher":{"@id":"https:\/\/promusica.org.pl\/en\/#organization"},"potentialAction":[{"@type":"SearchAction","target":{"@type":"EntryPoint","urlTemplate":"https:\/\/promusica.org.pl\/en\/?s={search_term_string}"},"query-input":{"@type":"PropertyValueSpecification","valueRequired":true,"valueName":"search_term_string"}}],"inLanguage":"en-US"},{"@type":"Organization","@id":"https:\/\/promusica.org.pl\/en\/#organization","name":"Pro Musica","url":"https:\/\/promusica.org.pl\/en\/","logo":{"@type":"ImageObject","inLanguage":"en-US","@id":"https:\/\/promusica.org.pl\/en\/#\/schema\/logo\/image\/","url":"https:\/\/promusica.org.pl\/assets\/cropped-logo.jpg","contentUrl":"https:\/\/promusica.org.pl\/assets\/cropped-logo.jpg","width":239,"height":95,"caption":"Pro Musica"},"image":{"@id":"https:\/\/promusica.org.pl\/en\/#\/schema\/logo\/image\/"}}]}},"_links":{"self":[{"href":"https:\/\/promusica.org.pl\/en\/wp-json\/wp\/v2\/pages\/4598","targetHints":{"allow":["GET"]}}],"collection":[{"href":"https:\/\/promusica.org.pl\/en\/wp-json\/wp\/v2\/pages"}],"about":[{"href":"https:\/\/promusica.org.pl\/en\/wp-json\/wp\/v2\/types\/page"}],"author":[{"embeddable":true,"href":"https:\/\/promusica.org.pl\/en\/wp-json\/wp\/v2\/users\/2"}],"replies":[{"embeddable":true,"href":"https:\/\/promusica.org.pl\/en\/wp-json\/wp\/v2\/comments?post=4598"}],"version-history":[{"count":4,"href":"https:\/\/promusica.org.pl\/en\/wp-json\/wp\/v2\/pages\/4598\/revisions"}],"predecessor-version":[{"id":4649,"href":"https:\/\/promusica.org.pl\/en\/wp-json\/wp\/v2\/pages\/4598\/revisions\/4649"}],"wp:attachment":[{"href":"https:\/\/promusica.org.pl\/en\/wp-json\/wp\/v2\/media?parent=4598"}],"curies":[{"name":"wp","href":"https:\/\/api.w.org\/{rel}","templated":true}]}}

Vladimír Bukač

<p>Vladimír Bukač is one of the foremost viola players in the Czech Republic. He was born in1964 and started playing violin at a very early age, continuing his studies with Nora Grumlikova at the Conservatory and the Academy of Performing Arts in Prague and then with Wolfgang Marschner at the University of Music in Freiburg, Germany. Already during his studies Bukac gained attention by winning prizes in several domestic and international competitions.</p>
<p>&nbsp;</p>
<p>Between 1990 &#8211; 1993 was Vladimir Bukač engaged in Japan as soloist and chamber musician, performing in all prestigious venues of Japan, as well as touring Australia and New Zealand. After returning to Europe Vladimír Bukač was invited to join the renowned Talich string quartet, (1993-2017) which has been considered for many years to be one of the worlds´s finest string quartets. Over the past few decades, the Talich string quartet has been representing Czech musical art through the whole of Europe, Japan, North &amp; South Americas, and South Korea, making dozens of rewarded records and giving master classes world-wide. After finishing his quartet career in 2017, he devoted himself to solo &amp; chamber music performances and more to pedagogical activities. Since 2002, Vladimír Bukač has been a much sought-after professor at the University of Music in Dresden and since 2016 at the Conservatoire royal de Bruxelles. He is repeatedly invited to the juries of major international competitions (L. Tertis, ARD Munich, etc.).</p>
<p>&nbsp;</p>
<p>In addition, he is the artistic leader of the master classes organized by the Czech-French Academy in Telč (www.akademietelc.cz). He is regularly invited to music festivals not only in Europe (Helsinki, Sardinia, Prades ..), but also in Japan, Israel and the USA, where he collaborates with important artists. The concert of the concert series &#8220;International recitals&#8221; for the BBC from Bristol, England, broadcast live to 60 countries, was particularly well received.</p>
<p>&nbsp;</p>
<p>His rich viola repertoire includes compositions and concerts of all styles, many of which are recorded on CDs or Czech Radio and the BBC. An exceptional recording can be considered a complete performance of M. Reger&#8217;s Suit and a recording of a concert by B. Bartók, B. Martinů with the Czech Radio Symphony Orchestra, which was ranked among the TOP 10 CDs of Gramophone 2007. He made the very first recording ever of all sonatas for viola and piano composed by Jindřich Feld, of the concerto by A. Stamic in B flat major and the very first world recording of the viola concerto by F. Domažlický, composed in 1966, in collaboration with the Czech Radio Symphony Orchestra. He made several acclaimed recordings on viola for the Czech Radio and BBC. Some of his CDs were voted one of Classic CD magazine’s “Choices of the Month” and were also praised with similar enthusiasm from The Strad Magazine and the Gramophone.</p>
<p>&nbsp;</p>
<p>He plays an Italian instrument built from the workshop of two important masters &#8211; Santini Lavazza &amp; G.B. Guadanini, Milan 1725/75.</p>

<p>Vladimír Bukač is one of the foremost viola players in the Czech Republic. He was born in1964 and started playing violin at a very early age, continuing his studies with Nora Grumlikova at the Conservatory and the Academy of Performing Arts in Prague and then with Wolfgang Marschner at the University of Music in Freiburg,&#8230;</p>

<!-- This site is optimized with the Yoast SEO plugin v26.4 - https://yoast.com/wordpress/plugins/seo/ -->
<title>Vladimír Bukač - Pro Musica</title>
<meta name="robots" content="index, follow, max-snippet:-1, max-image-preview:large, max-video-preview:-1" />
<link rel="canonical" href="https://promusica.org.pl/en/vladimir-bukac/" />
<meta property="og:locale" content="en_US" />
<meta property="og:type" content="article" />
<meta property="og:title" content="Vladimír Bukač - Pro Musica" />
<meta property="og:description" content="Vladimír Bukač is one of the foremost viola players in the Czech Republic. He was born in1964 and started playing violin at a very early age, continuing his studies with Nora Grumlikova at the Conservatory and the Academy of Performing Arts in Prague and then with Wolfgang Marschner at the University of Music in Freiburg,..." />
<meta property="og:url" content="https://promusica.org.pl/en/vladimir-bukac/" />
<meta property="og:site_name" content="Pro Musica" />
<meta property="article:modified_time" content="2025-03-04T16:28:26+00:00" />
<meta name="twitter:label1" content="Est. reading time" />
	<meta name="twitter:data1" content="3 minutes" />
<script type="application/ld+json" class="yoast-schema-graph">{"@context":"https://schema.org","@graph":[{"@type":"WebPage","@id":"https://promusica.org.pl/en/vladimir-bukac/","url":"https://promusica.org.pl/en/vladimir-bukac/","name":"Vladimír Bukač - Pro Musica","isPartOf":{"@id":"https://promusica.org.pl/en/#website"},"datePublished":"2025-03-02T15:54:29+00:00","dateModified":"2025-03-04T16:28:26+00:00","breadcrumb":{"@id":"https://promusica.org.pl/en/vladimir-bukac/#breadcrumb"},"inLanguage":"en-US","potentialAction":[{"@type":"ReadAction","target":[["https://promusica.org.pl/en/vladimir-bukac/"]]}]},{"@type":"BreadcrumbList","@id":"https://promusica.org.pl/en/vladimir-bukac/#breadcrumb","itemListElement":[{"@type":"ListItem","position":1,"name":"Strona główna","item":"https://promusica.org.pl/en/"},{"@type":"ListItem","position":2,"name":"Vladimír Bukač"}]},{"@type":"WebSite","@id":"https://promusica.org.pl/en/#website","url":"https://promusica.org.pl/en/","name":"Pro Musica","description":"warsztaty muzyczne, warsztaty orkiestrowe, konkurs na instrumenty solo","publisher":{"@id":"https://promusica.org.pl/en/#organization"},"potentialAction":[{"@type":"SearchAction","target":{"@type":"EntryPoint","urlTemplate":"https://promusica.org.pl/en/?s={search_term_string}"},"query-input":{"@type":"PropertyValueSpecification","valueRequired":true,"valueName":"search_term_string"}}],"inLanguage":"en-US"},{"@type":"Organization","@id":"https://promusica.org.pl/en/#organization","name":"Pro Musica","url":"https://promusica.org.pl/en/","logo":{"@type":"ImageObject","inLanguage":"en-US","@id":"https://promusica.org.pl/en/#/schema/logo/image/","url":"https://promusica.org.pl/assets/cropped-logo.jpg","contentUrl":"https://promusica.org.pl/assets/cropped-logo.jpg","width":239,"height":95,"caption":"Pro Musica"},"image":{"@id":"https://promusica.org.pl/en/#/schema/logo/image/"}}]}</script>
<!-- / Yoast SEO plugin. -->

Vladimír Bukač - Pro Musica

Vladimír Bukač is one of the foremost viola players in the Czech Republic. He was born in1964 and started playing violin at a very early age, continuing his studies with Nora Grumlikova at the Conservatory and the Academy of Performing Arts in Prague and then with Wolfgang Marschner at the University of Music in Freiburg,...

Strona główna
