{"id":330,"date":"2015-03-24T22:15:10","date_gmt":"2015-03-24T22:15:10","guid":{"rendered":"http:\/\/promusica.org.pl\/?page_id=330"},"modified":"2015-08-21T11:25:30","modified_gmt":"2015-08-21T11:25:30","slug":"rejestracja-2","status":"publish","type":"page","link":"https:\/\/promusica.org.pl\/en\/rejestracja-2\/","title":{"rendered":"Registration"},"content":{"rendered":"<p>\n<div class=\"wpcf7 no-js\" id=\"wpcf7-f328-o2\" lang=\"pl-PL\" dir=\"ltr\" data-wpcf7-id=\"328\">\n<div class=\"screen-reader-response\"><p role=\"status\" aria-live=\"polite\" aria-atomic=\"true\"><\/p> <ul><\/ul><\/div>\n<form action=\"\/en\/wp-json\/wp\/v2\/pages\/330#wpcf7-f328-o2\" method=\"post\" class=\"wpcf7-form init\" aria-label=\"Formularz kontaktowy\" novalidate=\"novalidate\" data-status=\"init\">\n<fieldset class=\"hidden-fields-container\"><input type=\"hidden\" name=\"_wpcf7\" value=\"328\" \/><input type=\"hidden\" name=\"_wpcf7_version\" value=\"6.1.3\" \/><input type=\"hidden\" name=\"_wpcf7_locale\" value=\"pl_PL\" \/><input type=\"hidden\" name=\"_wpcf7_unit_tag\" value=\"wpcf7-f328-o2\" \/><input type=\"hidden\" name=\"_wpcf7_container_post\" value=\"0\" \/><input type=\"hidden\" name=\"_wpcf7_posted_data_hash\" value=\"\" \/>\n<\/fieldset>\n<p>Imi\u0119 Nazwisko\/first name last name\n<\/p>\n<p><span class=\"wpcf7-form-control-wrap\" data-name=\"your-name\"><input size=\"40\" maxlength=\"400\" class=\"wpcf7-form-control wpcf7-text wpcf7-validates-as-required\" aria-required=\"true\" aria-invalid=\"false\" value=\"\" type=\"text\" name=\"your-name\" \/><\/span>\n<\/p>\n<p>Data urodzenia\/ birth date\n<\/p>\n<p><span class=\"wpcf7-form-control-wrap\" data-name=\"your-date\"><input class=\"wpcf7-form-control wpcf7-date wpcf7-validates-as-date\" aria-invalid=\"false\" value=\"\" type=\"date\" name=\"your-date\" \/><\/span>\n<\/p>\n<p>Instrument\/instrument\n<\/p>\n<p><span class=\"wpcf7-form-control-wrap\" data-name=\"your-instrument\"><input size=\"40\" maxlength=\"400\" class=\"wpcf7-form-control wpcf7-text\" aria-invalid=\"false\" value=\"\" type=\"text\" name=\"your-instrument\" \/><\/span>\n<\/p>\n<p>Wybierz orkiestr\u0119\/ Choose orchestra\n<\/p>\n<p><span class=\"wpcf7-form-control-wrap\" data-name=\"menu-orkiestra\"><select class=\"wpcf7-form-control wpcf7-select wpcf7-validates-as-required\" aria-required=\"true\" aria-invalid=\"false\" name=\"menu-orkiestra\"><option value=\"\">&#8212;Prosz\u0119 wybra\u0107 opcj\u0119&#8212;<\/option><option value=\"d\u0119ta;windband\">d\u0119ta;windband<\/option><option value=\"symfoniczna;symphonic\">symfoniczna;symphonic<\/option><\/select><\/span>\n<\/p>\n<p>Uko\u0144czona Szko\u0142a muzyczna,klasa\/music school , class\n<\/p>\n<p><span class=\"wpcf7-form-control-wrap\" data-name=\"your-szkola\"><input size=\"40\" maxlength=\"400\" class=\"wpcf7-form-control wpcf7-text wpcf7-validates-as-required\" aria-required=\"true\" aria-invalid=\"false\" value=\"\" type=\"text\" name=\"your-szkola\" \/><\/span>\n<\/p>\n<p>Adres zamieszkania\/do korespondencji\/adress\n<\/p>\n<p><span class=\"wpcf7-form-control-wrap\" data-name=\"your-adres\"><textarea cols=\"40\" rows=\"10\" maxlength=\"2000\" class=\"wpcf7-form-control wpcf7-textarea wpcf7-validates-as-required\" aria-required=\"true\" aria-invalid=\"false\" name=\"your-adres\"><\/textarea><\/span>\n<\/p>\n<p>Miejsce noclegu\/accomodation\n<\/p>\n<p><span class=\"wpcf7-form-control-wrap\" data-name=\"your-nocleg\"><select class=\"wpcf7-form-control wpcf7-select wpcf7-validates-as-required\" aria-required=\"true\" aria-invalid=\"false\" name=\"your-nocleg\"><option value=\"\">&#8212;Prosz\u0119 wybra\u0107 opcj\u0119&#8212;<\/option><option value=\"pensjonat\">pensjonat<\/option><option value=\"hotel\">hotel<\/option><option value=\"we w\u0142asnym zakresie\">we w\u0142asnym zakresie<\/option><\/select><\/span>\n<\/p>\n<p>Wy\u017cywienie\n<\/p>\n<p><span class=\"wpcf7-form-control-wrap\" data-name=\"your-wyzywienie\"><span class=\"wpcf7-form-control wpcf7-radio\"><span class=\"wpcf7-list-item first\"><input type=\"radio\" name=\"your-wyzywienie\" value=\"tak\" \/><span class=\"wpcf7-list-item-label\">tak<\/span><\/span><span class=\"wpcf7-list-item last\"><input type=\"radio\" name=\"your-wyzywienie\" value=\"nie\" \/><span class=\"wpcf7-list-item-label\">nie<\/span><\/span><\/span><\/span>\n<\/p>\n<p>Adres email\/email adress\n<\/p>\n<p><span class=\"wpcf7-form-control-wrap\" data-name=\"your-email\"><input size=\"40\" maxlength=\"400\" class=\"wpcf7-form-control wpcf7-email wpcf7-validates-as-required wpcf7-text wpcf7-validates-as-email\" aria-required=\"true\" aria-invalid=\"false\" value=\"\" type=\"email\" name=\"your-email\" \/><\/span>\n<\/p>\n<p>Telefon\/phone (+international code number)\n<\/p>\n<p><span class=\"wpcf7-form-control-wrap\" data-name=\"your-tel\"><input size=\"40\" maxlength=\"400\" class=\"wpcf7-form-control wpcf7-text wpcf7-validates-as-required\" aria-required=\"true\" aria-invalid=\"false\" value=\"\" type=\"text\" name=\"your-tel\" \/><\/span>\n<\/p>\n<p>Telefon do rodzica\/opiekuna\/ parent phone nr(+ international code number)\n<\/p>\n<p><span class=\"wpcf7-form-control-wrap\" data-name=\"your-tel2\"><input size=\"40\" maxlength=\"400\" class=\"wpcf7-form-control wpcf7-text\" aria-invalid=\"false\" value=\"\" type=\"text\" name=\"your-tel2\" \/><\/span>\n<\/p>\n<p>Adres email do rodzica,opiekuna\/ parent email\n<\/p>\n<p><span class=\"wpcf7-form-control-wrap\" data-name=\"your-email2\"><input size=\"40\" maxlength=\"400\" class=\"wpcf7-form-control wpcf7-email wpcf7-text wpcf7-validates-as-email\" aria-invalid=\"false\" value=\"\" type=\"email\" name=\"your-email2\" \/><\/span>\n<\/p>\n<p>UWAGI\/NOTES:\n<\/p>\n<p><span class=\"wpcf7-form-control-wrap\" data-name=\"your-uwagi\"><textarea cols=\"40\" rows=\"10\" maxlength=\"2000\" class=\"wpcf7-form-control wpcf7-textarea\" aria-invalid=\"false\" name=\"your-uwagi\"><\/textarea><\/span>\n<\/p>\n<p><span class=\"wpcf7-form-control-wrap\" data-name=\"acceptance\"><span class=\"wpcf7-form-control wpcf7-acceptance\"><span class=\"wpcf7-list-item\"><input type=\"checkbox\" name=\"acceptance\" value=\"1\" checked=\"checked\" aria-invalid=\"false\" \/><\/span><\/span><\/span><br \/>\n<small>O\u015bwiadczam \u017ce dane podane w formularzu s\u0105 zgodne z prawd\u0105. Wyra\u017cam zgod\u0119 na przetwarzanie danych osobowych dla potrzeb procesu rekrutacji na ob\u00f3z orkiestrowy zgodnie z ustaw\u0105 z dnia 29.08.1997 r. o Ochronie Danych Osobowych, tekst jednolity: Dz. U. z 2002 r., Nr 101, poz. 926 z p\u00f3\u017aniejszymi zmianami.<br \/>\nI hereby declare that all the facts and information provided for this registration form are true. I allow my personal data stated in the abovementioned applications to be processed for the purpose of recruitment, in accordance with the Personal Data Protection Act dated 29\/08\/1997 (Dz.Ust.No.133, item 883)<\/small>\n<\/p>\n<p><input class=\"wpcf7-form-control wpcf7-submit has-spinner btn\" type=\"submit\" value=\"Wy\u015blij\" \/>\n<\/p><div class=\"wpcf7-response-output\" aria-hidden=\"true\"><\/div>\n<\/form>\n<\/div>\n<\/p>","protected":false},"excerpt":{"rendered":"","protected":false},"author":1,"featured_media":0,"parent":0,"menu_order":0,"comment_status":"closed","ping_status":"open","template":"","meta":{"_kad_post_transparent":"","_kad_post_title":"","_kad_post_layout":"","_kad_post_sidebar_id":"","_kad_post_content_style":"","_kad_post_vertical_padding":"","_kad_post_feature":"","_kad_post_feature_position":"","_kad_post_header":false,"_kad_post_footer":false,"footnotes":""},"class_list":["post-330","page","type-page","status-publish","hentry"],"yoast_head":"<!-- This site is optimized with the Yoast SEO plugin v26.4 - https:\/\/yoast.com\/wordpress\/plugins\/seo\/ -->\n<title>RejestracjaRegistration - Pro Musica<\/title>\n<meta name=\"robots\" content=\"index, follow, max-snippet:-1, max-image-preview:large, max-video-preview:-1\" \/>\n<link rel=\"canonical\" href=\"https:\/\/promusica.org.pl\/en\/rejestracja-2\/\" \/>\n<meta property=\"og:locale\" content=\"en_US\" \/>\n<meta property=\"og:type\" content=\"article\" \/>\n<meta property=\"og:title\" content=\"RejestracjaRegistration - Pro Musica\" \/>\n<meta property=\"og:url\" content=\"https:\/\/promusica.org.pl\/en\/rejestracja-2\/\" \/>\n<meta property=\"og:site_name\" content=\"Pro Musica\" \/>\n<meta property=\"article:modified_time\" content=\"2015-08-21T11:25:30+00:00\" \/>\n<script type=\"application\/ld+json\" class=\"yoast-schema-graph\">{\"@context\":\"https:\/\/schema.org\",\"@graph\":[{\"@type\":\"WebPage\",\"@id\":\"https:\/\/promusica.org.pl\/en\/rejestracja-2\/\",\"url\":\"https:\/\/promusica.org.pl\/en\/rejestracja-2\/\",\"name\":\"RejestracjaRegistration - Pro Musica\",\"isPartOf\":{\"@id\":\"https:\/\/promusica.org.pl\/en\/#website\"},\"datePublished\":\"2015-03-24T22:15:10+00:00\",\"dateModified\":\"2015-08-21T11:25:30+00:00\",\"breadcrumb\":{\"@id\":\"https:\/\/promusica.org.pl\/en\/rejestracja-2\/#breadcrumb\"},\"inLanguage\":\"en-US\",\"potentialAction\":[{\"@type\":\"ReadAction\",\"target\":[[\"https:\/\/promusica.org.pl\/en\/rejestracja-2\/\"]]}]},{\"@type\":\"BreadcrumbList\",\"@id\":\"https:\/\/promusica.org.pl\/en\/rejestracja-2\/#breadcrumb\",\"itemListElement\":[{\"@type\":\"ListItem\",\"position\":1,\"name\":\"Strona g\u0142\u00f3wna\",\"item\":\"https:\/\/promusica.org.pl\/en\/\"},{\"@type\":\"ListItem\",\"position\":2,\"name\":\"Rejestracja\"}]},{\"@type\":\"WebSite\",\"@id\":\"https:\/\/promusica.org.pl\/en\/#website\",\"url\":\"https:\/\/promusica.org.pl\/en\/\",\"name\":\"Pro Musica\",\"description\":\"warsztaty muzyczne, warsztaty orkiestrowe, konkurs na instrumenty solo\",\"publisher\":{\"@id\":\"https:\/\/promusica.org.pl\/en\/#organization\"},\"potentialAction\":[{\"@type\":\"SearchAction\",\"target\":{\"@type\":\"EntryPoint\",\"urlTemplate\":\"https:\/\/promusica.org.pl\/en\/?s={search_term_string}\"},\"query-input\":{\"@type\":\"PropertyValueSpecification\",\"valueRequired\":true,\"valueName\":\"search_term_string\"}}],\"inLanguage\":\"en-US\"},{\"@type\":\"Organization\",\"@id\":\"https:\/\/promusica.org.pl\/en\/#organization\",\"name\":\"Pro Musica\",\"url\":\"https:\/\/promusica.org.pl\/en\/\",\"logo\":{\"@type\":\"ImageObject\",\"inLanguage\":\"en-US\",\"@id\":\"https:\/\/promusica.org.pl\/en\/#\/schema\/logo\/image\/\",\"url\":\"https:\/\/promusica.org.pl\/assets\/cropped-logo.jpg\",\"contentUrl\":\"https:\/\/promusica.org.pl\/assets\/cropped-logo.jpg\",\"width\":239,\"height\":95,\"caption\":\"Pro Musica\"},\"image\":{\"@id\":\"https:\/\/promusica.org.pl\/en\/#\/schema\/logo\/image\/\"}}]}<\/script>\n<!-- \/ Yoast SEO plugin. -->","yoast_head_json":{"title":"RejestracjaRegistration - Pro Musica","robots":{"index":"index","follow":"follow","max-snippet":"max-snippet:-1","max-image-preview":"max-image-preview:large","max-video-preview":"max-video-preview:-1"},"canonical":"https:\/\/promusica.org.pl\/en\/rejestracja-2\/","og_locale":"en_US","og_type":"article","og_title":"RejestracjaRegistration - Pro Musica","og_url":"https:\/\/promusica.org.pl\/en\/rejestracja-2\/","og_site_name":"Pro Musica","article_modified_time":"2015-08-21T11:25:30+00:00","schema":{"@context":"https:\/\/schema.org","@graph":[{"@type":"WebPage","@id":"https:\/\/promusica.org.pl\/en\/rejestracja-2\/","url":"https:\/\/promusica.org.pl\/en\/rejestracja-2\/","name":"RejestracjaRegistration - Pro Musica","isPartOf":{"@id":"https:\/\/promusica.org.pl\/en\/#website"},"datePublished":"2015-03-24T22:15:10+00:00","dateModified":"2015-08-21T11:25:30+00:00","breadcrumb":{"@id":"https:\/\/promusica.org.pl\/en\/rejestracja-2\/#breadcrumb"},"inLanguage":"en-US","potentialAction":[{"@type":"ReadAction","target":[["https:\/\/promusica.org.pl\/en\/rejestracja-2\/"]]}]},{"@type":"BreadcrumbList","@id":"https:\/\/promusica.org.pl\/en\/rejestracja-2\/#breadcrumb","itemListElement":[{"@type":"ListItem","position":1,"name":"Strona g\u0142\u00f3wna","item":"https:\/\/promusica.org.pl\/en\/"},{"@type":"ListItem","position":2,"name":"Rejestracja"}]},{"@type":"WebSite","@id":"https:\/\/promusica.org.pl\/en\/#website","url":"https:\/\/promusica.org.pl\/en\/","name":"Pro Musica","description":"warsztaty muzyczne, warsztaty orkiestrowe, konkurs na instrumenty solo","publisher":{"@id":"https:\/\/promusica.org.pl\/en\/#organization"},"potentialAction":[{"@type":"SearchAction","target":{"@type":"EntryPoint","urlTemplate":"https:\/\/promusica.org.pl\/en\/?s={search_term_string}"},"query-input":{"@type":"PropertyValueSpecification","valueRequired":true,"valueName":"search_term_string"}}],"inLanguage":"en-US"},{"@type":"Organization","@id":"https:\/\/promusica.org.pl\/en\/#organization","name":"Pro Musica","url":"https:\/\/promusica.org.pl\/en\/","logo":{"@type":"ImageObject","inLanguage":"en-US","@id":"https:\/\/promusica.org.pl\/en\/#\/schema\/logo\/image\/","url":"https:\/\/promusica.org.pl\/assets\/cropped-logo.jpg","contentUrl":"https:\/\/promusica.org.pl\/assets\/cropped-logo.jpg","width":239,"height":95,"caption":"Pro Musica"},"image":{"@id":"https:\/\/promusica.org.pl\/en\/#\/schema\/logo\/image\/"}}]}},"_links":{"self":[{"href":"https:\/\/promusica.org.pl\/en\/wp-json\/wp\/v2\/pages\/330","targetHints":{"allow":["GET"]}}],"collection":[{"href":"https:\/\/promusica.org.pl\/en\/wp-json\/wp\/v2\/pages"}],"about":[{"href":"https:\/\/promusica.org.pl\/en\/wp-json\/wp\/v2\/types\/page"}],"author":[{"embeddable":true,"href":"https:\/\/promusica.org.pl\/en\/wp-json\/wp\/v2\/users\/1"}],"replies":[{"embeddable":true,"href":"https:\/\/promusica.org.pl\/en\/wp-json\/wp\/v2\/comments?post=330"}],"version-history":[{"count":5,"href":"https:\/\/promusica.org.pl\/en\/wp-json\/wp\/v2\/pages\/330\/revisions"}],"predecessor-version":[{"id":635,"href":"https:\/\/promusica.org.pl\/en\/wp-json\/wp\/v2\/pages\/330\/revisions\/635"}],"wp:attachment":[{"href":"https:\/\/promusica.org.pl\/en\/wp-json\/wp\/v2\/media?parent=330"}],"curies":[{"name":"wp","href":"https:\/\/api.w.org\/{rel}","templated":true}]}}

<p>
<div class="wpcf7 no-js" id="wpcf7-f328-o2" lang="pl-PL" dir="ltr" data-wpcf7-id="328">
<div class="screen-reader-response"><p role="status" aria-live="polite" aria-atomic="true"></p> <ul></ul></div>
<form action="/en/wp-json/wp/v2/pages/330#wpcf7-f328-o2" method="post" class="wpcf7-form init" aria-label="Formularz kontaktowy" novalidate="novalidate" data-status="init">
<fieldset class="hidden-fields-container"><input type="hidden" name="_wpcf7" value="328" /><input type="hidden" name="_wpcf7_version" value="6.1.3" /><input type="hidden" name="_wpcf7_locale" value="pl_PL" /><input type="hidden" name="_wpcf7_unit_tag" value="wpcf7-f328-o2" /><input type="hidden" name="_wpcf7_container_post" value="0" /><input type="hidden" name="_wpcf7_posted_data_hash" value="" />
</fieldset>
<p>Imię Nazwisko/first name last name
</p>
<p><span class="wpcf7-form-control-wrap" data-name="your-name"><input size="40" maxlength="400" class="wpcf7-form-control wpcf7-text wpcf7-validates-as-required" aria-required="true" aria-invalid="false" value="" type="text" name="your-name" /></span>
</p>
<p>Data urodzenia/ birth date
</p>
<p><span class="wpcf7-form-control-wrap" data-name="your-date"><input class="wpcf7-form-control wpcf7-date wpcf7-validates-as-date" aria-invalid="false" value="" type="date" name="your-date" /></span>
</p>
<p>Instrument/instrument
</p>
<p><span class="wpcf7-form-control-wrap" data-name="your-instrument"><input size="40" maxlength="400" class="wpcf7-form-control wpcf7-text" aria-invalid="false" value="" type="text" name="your-instrument" /></span>
</p>
<p>Wybierz orkiestrę/ Choose orchestra
</p>
<p><span class="wpcf7-form-control-wrap" data-name="menu-orkiestra"><select class="wpcf7-form-control wpcf7-select wpcf7-validates-as-required" aria-required="true" aria-invalid="false" name="menu-orkiestra"><option value="">&#8212;Proszę wybrać opcję&#8212;</option><option value="dęta;windband">dęta;windband</option><option value="symfoniczna;symphonic">symfoniczna;symphonic</option></select></span>
</p>
<p>Ukończona Szkoła muzyczna,klasa/music school , class
</p>
<p><span class="wpcf7-form-control-wrap" data-name="your-szkola"><input size="40" maxlength="400" class="wpcf7-form-control wpcf7-text wpcf7-validates-as-required" aria-required="true" aria-invalid="false" value="" type="text" name="your-szkola" /></span>
</p>
<p>Adres zamieszkania/do korespondencji/adress
</p>
<p><span class="wpcf7-form-control-wrap" data-name="your-adres"><textarea cols="40" rows="10" maxlength="2000" class="wpcf7-form-control wpcf7-textarea wpcf7-validates-as-required" aria-required="true" aria-invalid="false" name="your-adres"></textarea></span>
</p>
<p>Miejsce noclegu/accomodation
</p>
<p><span class="wpcf7-form-control-wrap" data-name="your-nocleg"><select class="wpcf7-form-control wpcf7-select wpcf7-validates-as-required" aria-required="true" aria-invalid="false" name="your-nocleg"><option value="">&#8212;Proszę wybrać opcję&#8212;</option><option value="pensjonat">pensjonat</option><option value="hotel">hotel</option><option value="we własnym zakresie">we własnym zakresie</option></select></span>
</p>
<p>Wyżywienie
</p>
<p><span class="wpcf7-form-control-wrap" data-name="your-wyzywienie"><span class="wpcf7-form-control wpcf7-radio"><span class="wpcf7-list-item first"><input type="radio" name="your-wyzywienie" value="tak" /><span class="wpcf7-list-item-label">tak</span></span><span class="wpcf7-list-item last"><input type="radio" name="your-wyzywienie" value="nie" /><span class="wpcf7-list-item-label">nie</span></span></span></span>
</p>
<p>Adres email/email adress
</p>
<p><span class="wpcf7-form-control-wrap" data-name="your-email"><input size="40" maxlength="400" class="wpcf7-form-control wpcf7-email wpcf7-validates-as-required wpcf7-text wpcf7-validates-as-email" aria-required="true" aria-invalid="false" value="" type="email" name="your-email" /></span>
</p>
<p>Telefon/phone (+international code number)
</p>
<p><span class="wpcf7-form-control-wrap" data-name="your-tel"><input size="40" maxlength="400" class="wpcf7-form-control wpcf7-text wpcf7-validates-as-required" aria-required="true" aria-invalid="false" value="" type="text" name="your-tel" /></span>
</p>
<p>Telefon do rodzica/opiekuna/ parent phone nr(+ international code number)
</p>
<p><span class="wpcf7-form-control-wrap" data-name="your-tel2"><input size="40" maxlength="400" class="wpcf7-form-control wpcf7-text" aria-invalid="false" value="" type="text" name="your-tel2" /></span>
</p>
<p>Adres email do rodzica,opiekuna/ parent email
</p>
<p><span class="wpcf7-form-control-wrap" data-name="your-email2"><input size="40" maxlength="400" class="wpcf7-form-control wpcf7-email wpcf7-text wpcf7-validates-as-email" aria-invalid="false" value="" type="email" name="your-email2" /></span>
</p>
<p>UWAGI/NOTES:
</p>
<p><span class="wpcf7-form-control-wrap" data-name="your-uwagi"><textarea cols="40" rows="10" maxlength="2000" class="wpcf7-form-control wpcf7-textarea" aria-invalid="false" name="your-uwagi"></textarea></span>
</p>
<p><span class="wpcf7-form-control-wrap" data-name="acceptance"><span class="wpcf7-form-control wpcf7-acceptance"><span class="wpcf7-list-item"><input type="checkbox" name="acceptance" value="1" checked="checked" aria-invalid="false" /></span></span></span><br />
<small>Oświadczam że dane podane w formularzu są zgodne z prawdą. Wyrażam zgodę na przetwarzanie danych osobowych dla potrzeb procesu rekrutacji na obóz orkiestrowy zgodnie z ustawą z dnia 29.08.1997 r. o Ochronie Danych Osobowych, tekst jednolity: Dz. U. z 2002 r., Nr 101, poz. 926 z późniejszymi zmianami.<br />
I hereby declare that all the facts and information provided for this registration form are true. I allow my personal data stated in the abovementioned applications to be processed for the purpose of recruitment, in accordance with the Personal Data Protection Act dated 29/08/1997 (Dz.Ust.No.133, item 883)</small>
</p>
<p><input class="wpcf7-form-control wpcf7-submit has-spinner btn" type="submit" value="Wyślij" />
</p><div class="wpcf7-response-output" aria-hidden="true"></div>
</form>
</div>
</p>

<!-- This site is optimized with the Yoast SEO plugin v26.4 - https://yoast.com/wordpress/plugins/seo/ -->
<title>RejestracjaRegistration - Pro Musica</title>
<meta name="robots" content="index, follow, max-snippet:-1, max-image-preview:large, max-video-preview:-1" />
<link rel="canonical" href="https://promusica.org.pl/en/rejestracja-2/" />
<meta property="og:locale" content="en_US" />
<meta property="og:type" content="article" />
<meta property="og:title" content="RejestracjaRegistration - Pro Musica" />
<meta property="og:url" content="https://promusica.org.pl/en/rejestracja-2/" />
<meta property="og:site_name" content="Pro Musica" />
<meta property="article:modified_time" content="2015-08-21T11:25:30+00:00" />
<script type="application/ld+json" class="yoast-schema-graph">{"@context":"https://schema.org","@graph":[{"@type":"WebPage","@id":"https://promusica.org.pl/en/rejestracja-2/","url":"https://promusica.org.pl/en/rejestracja-2/","name":"RejestracjaRegistration - Pro Musica","isPartOf":{"@id":"https://promusica.org.pl/en/#website"},"datePublished":"2015-03-24T22:15:10+00:00","dateModified":"2015-08-21T11:25:30+00:00","breadcrumb":{"@id":"https://promusica.org.pl/en/rejestracja-2/#breadcrumb"},"inLanguage":"en-US","potentialAction":[{"@type":"ReadAction","target":[["https://promusica.org.pl/en/rejestracja-2/"]]}]},{"@type":"BreadcrumbList","@id":"https://promusica.org.pl/en/rejestracja-2/#breadcrumb","itemListElement":[{"@type":"ListItem","position":1,"name":"Strona główna","item":"https://promusica.org.pl/en/"},{"@type":"ListItem","position":2,"name":"Rejestracja"}]},{"@type":"WebSite","@id":"https://promusica.org.pl/en/#website","url":"https://promusica.org.pl/en/","name":"Pro Musica","description":"warsztaty muzyczne, warsztaty orkiestrowe, konkurs na instrumenty solo","publisher":{"@id":"https://promusica.org.pl/en/#organization"},"potentialAction":[{"@type":"SearchAction","target":{"@type":"EntryPoint","urlTemplate":"https://promusica.org.pl/en/?s={search_term_string}"},"query-input":{"@type":"PropertyValueSpecification","valueRequired":true,"valueName":"search_term_string"}}],"inLanguage":"en-US"},{"@type":"Organization","@id":"https://promusica.org.pl/en/#organization","name":"Pro Musica","url":"https://promusica.org.pl/en/","logo":{"@type":"ImageObject","inLanguage":"en-US","@id":"https://promusica.org.pl/en/#/schema/logo/image/","url":"https://promusica.org.pl/assets/cropped-logo.jpg","contentUrl":"https://promusica.org.pl/assets/cropped-logo.jpg","width":239,"height":95,"caption":"Pro Musica"},"image":{"@id":"https://promusica.org.pl/en/#/schema/logo/image/"}}]}</script>
<!-- / Yoast SEO plugin. -->

Strona główna
