{"id":4830,"date":"2025-04-12T14:22:08","date_gmt":"2025-04-12T12:22:08","guid":{"rendered":"https:\/\/promusica.org.pl\/assets\/internet-Karina-Komendera-104.jpg"},"modified":"2025-04-12T14:22:47","modified_gmt":"2025-04-12T12:22:47","slug":"internet-karina-komendera-104","status":"inherit","type":"attachment","link":"https:\/\/promusica.org.pl\/en\/vii-miedzynarodowy-konkurs-instrumentow-detych-i-smyczkowych-finalis-2025\/akompaniatorzy-finalis-2025\/internet-karina-komendera-104\/","title":{"rendered":"[internet] Karina Komendera 104"},"author":2,"featured_media":0,"comment_status":"closed","ping_status":"closed","template":"","meta":{"_kad_post_transparent":"","_kad_post_title":"","_kad_post_layout":"","_kad_post_sidebar_id":"","_kad_post_content_style":"","_kad_post_vertical_padding":"","_kad_post_feature":"","_kad_post_feature_position":"","_kad_post_header":false,"_kad_post_footer":false},"class_list":["post-4830","attachment","type-attachment","status-inherit","hentry"],"yoast_head":"<!-- This site is optimized with the Yoast SEO plugin v26.4 - https:\/\/yoast.com\/wordpress\/plugins\/seo\/ -->\n<title>[internet] Karina Komendera 104 - Pro Musica<\/title>\n<meta name=\"robots\" content=\"index, follow, max-snippet:-1, max-image-preview:large, max-video-preview:-1\" \/>\n<link rel=\"canonical\" href=\"https:\/\/promusica.org.pl\/assets\/internet-Karina-Komendera-104.jpg\" \/>\n<meta property=\"og:locale\" content=\"en_US\" \/>\n<meta property=\"og:type\" content=\"article\" \/>\n<meta property=\"og:title\" content=\"[internet] Karina Komendera 104 - Pro Musica\" \/>\n<meta property=\"og:url\" content=\"https:\/\/promusica.org.pl\/assets\/internet-Karina-Komendera-104.jpg\" \/>\n<meta property=\"og:site_name\" content=\"Pro Musica\" \/>\n<meta property=\"article:modified_time\" content=\"2025-04-12T12:22:47+00:00\" \/>\n<meta property=\"og:image\" content=\"https:\/\/promusica.org.pl\/assets\/internet-Karina-Komendera-104.jpg\" \/>\n\t<meta property=\"og:image:width\" content=\"933\" \/>\n\t<meta property=\"og:image:height\" content=\"1400\" \/>\n\t<meta property=\"og:image:type\" content=\"image\/jpeg\" \/>\n<script type=\"application\/ld+json\" class=\"yoast-schema-graph\">{\"@context\":\"https:\/\/schema.org\",\"@graph\":[{\"@type\":\"WebPage\",\"@id\":\"https:\/\/promusica.org.pl\/assets\/internet-Karina-Komendera-104.jpg\",\"url\":\"https:\/\/promusica.org.pl\/assets\/internet-Karina-Komendera-104.jpg\",\"name\":\"[internet] Karina Komendera 104 - Pro Musica\",\"isPartOf\":{\"@id\":\"https:\/\/promusica.org.pl\/en\/#website\"},\"datePublished\":\"2025-04-12T12:22:08+00:00\",\"dateModified\":\"2025-04-12T12:22:47+00:00\",\"breadcrumb\":{\"@id\":\"https:\/\/promusica.org.pl\/assets\/internet-Karina-Komendera-104.jpg#breadcrumb\"},\"inLanguage\":\"en-US\",\"potentialAction\":[{\"@type\":\"ReadAction\",\"target\":[[\"https:\/\/promusica.org.pl\/assets\/internet-Karina-Komendera-104.jpg\"]]}]},{\"@type\":\"BreadcrumbList\",\"@id\":\"https:\/\/promusica.org.pl\/assets\/internet-Karina-Komendera-104.jpg#breadcrumb\",\"itemListElement\":[{\"@type\":\"ListItem\",\"position\":1,\"name\":\"Strona g\u0142\u00f3wna\",\"item\":\"https:\/\/promusica.org.pl\/en\/\"},{\"@type\":\"ListItem\",\"position\":2,\"name\":\"VII Mi\u0119dzynarodowy Konkurs Instrument\u00f3w D\u0119tych i Smyczkowych FINALIS 2025\",\"item\":\"https:\/\/promusica.org.pl\/en\/vii-miedzynarodowy-konkurs-instrumentow-detych-i-smyczkowych-finalis-2025\/\"},{\"@type\":\"ListItem\",\"position\":3,\"name\":\"Akompaniatorzy Finalis 2025\",\"item\":\"https:\/\/promusica.org.pl\/en\/vii-miedzynarodowy-konkurs-instrumentow-detych-i-smyczkowych-finalis-2025\/akompaniatorzy-finalis-2025\/\"},{\"@type\":\"ListItem\",\"position\":4,\"name\":\"[internet] Karina Komendera 104\"}]},{\"@type\":\"WebSite\",\"@id\":\"https:\/\/promusica.org.pl\/en\/#website\",\"url\":\"https:\/\/promusica.org.pl\/en\/\",\"name\":\"Pro Musica\",\"description\":\"warsztaty muzyczne, warsztaty orkiestrowe, konkurs na instrumenty solo\",\"publisher\":{\"@id\":\"https:\/\/promusica.org.pl\/en\/#organization\"},\"potentialAction\":[{\"@type\":\"SearchAction\",\"target\":{\"@type\":\"EntryPoint\",\"urlTemplate\":\"https:\/\/promusica.org.pl\/en\/?s={search_term_string}\"},\"query-input\":{\"@type\":\"PropertyValueSpecification\",\"valueRequired\":true,\"valueName\":\"search_term_string\"}}],\"inLanguage\":\"en-US\"},{\"@type\":\"Organization\",\"@id\":\"https:\/\/promusica.org.pl\/en\/#organization\",\"name\":\"Pro Musica\",\"url\":\"https:\/\/promusica.org.pl\/en\/\",\"logo\":{\"@type\":\"ImageObject\",\"inLanguage\":\"en-US\",\"@id\":\"https:\/\/promusica.org.pl\/en\/#\/schema\/logo\/image\/\",\"url\":\"https:\/\/promusica.org.pl\/assets\/cropped-logo.jpg\",\"contentUrl\":\"https:\/\/promusica.org.pl\/assets\/cropped-logo.jpg\",\"width\":239,\"height\":95,\"caption\":\"Pro Musica\"},\"image\":{\"@id\":\"https:\/\/promusica.org.pl\/en\/#\/schema\/logo\/image\/\"}}]}<\/script>\n<!-- \/ Yoast SEO plugin. -->","yoast_head_json":{"title":"[internet] Karina Komendera 104 - Pro Musica","robots":{"index":"index","follow":"follow","max-snippet":"max-snippet:-1","max-image-preview":"max-image-preview:large","max-video-preview":"max-video-preview:-1"},"canonical":"https:\/\/promusica.org.pl\/assets\/internet-Karina-Komendera-104.jpg","og_locale":"en_US","og_type":"article","og_title":"[internet] Karina Komendera 104 - Pro Musica","og_url":"https:\/\/promusica.org.pl\/assets\/internet-Karina-Komendera-104.jpg","og_site_name":"Pro Musica","article_modified_time":"2025-04-12T12:22:47+00:00","og_image":[{"width":933,"height":1400,"url":"https:\/\/promusica.org.pl\/assets\/internet-Karina-Komendera-104.jpg","type":"image\/jpeg"}],"schema":{"@context":"https:\/\/schema.org","@graph":[{"@type":"WebPage","@id":"https:\/\/promusica.org.pl\/assets\/internet-Karina-Komendera-104.jpg","url":"https:\/\/promusica.org.pl\/assets\/internet-Karina-Komendera-104.jpg","name":"[internet] Karina Komendera 104 - Pro Musica","isPartOf":{"@id":"https:\/\/promusica.org.pl\/en\/#website"},"datePublished":"2025-04-12T12:22:08+00:00","dateModified":"2025-04-12T12:22:47+00:00","breadcrumb":{"@id":"https:\/\/promusica.org.pl\/assets\/internet-Karina-Komendera-104.jpg#breadcrumb"},"inLanguage":"en-US","potentialAction":[{"@type":"ReadAction","target":[["https:\/\/promusica.org.pl\/assets\/internet-Karina-Komendera-104.jpg"]]}]},{"@type":"BreadcrumbList","@id":"https:\/\/promusica.org.pl\/assets\/internet-Karina-Komendera-104.jpg#breadcrumb","itemListElement":[{"@type":"ListItem","position":1,"name":"Strona g\u0142\u00f3wna","item":"https:\/\/promusica.org.pl\/en\/"},{"@type":"ListItem","position":2,"name":"VII Mi\u0119dzynarodowy Konkurs Instrument\u00f3w D\u0119tych i Smyczkowych FINALIS 2025","item":"https:\/\/promusica.org.pl\/en\/vii-miedzynarodowy-konkurs-instrumentow-detych-i-smyczkowych-finalis-2025\/"},{"@type":"ListItem","position":3,"name":"Akompaniatorzy Finalis 2025","item":"https:\/\/promusica.org.pl\/en\/vii-miedzynarodowy-konkurs-instrumentow-detych-i-smyczkowych-finalis-2025\/akompaniatorzy-finalis-2025\/"},{"@type":"ListItem","position":4,"name":"[internet] Karina Komendera 104"}]},{"@type":"WebSite","@id":"https:\/\/promusica.org.pl\/en\/#website","url":"https:\/\/promusica.org.pl\/en\/","name":"Pro Musica","description":"warsztaty muzyczne, warsztaty orkiestrowe, konkurs na instrumenty solo","publisher":{"@id":"https:\/\/promusica.org.pl\/en\/#organization"},"potentialAction":[{"@type":"SearchAction","target":{"@type":"EntryPoint","urlTemplate":"https:\/\/promusica.org.pl\/en\/?s={search_term_string}"},"query-input":{"@type":"PropertyValueSpecification","valueRequired":true,"valueName":"search_term_string"}}],"inLanguage":"en-US"},{"@type":"Organization","@id":"https:\/\/promusica.org.pl\/en\/#organization","name":"Pro Musica","url":"https:\/\/promusica.org.pl\/en\/","logo":{"@type":"ImageObject","inLanguage":"en-US","@id":"https:\/\/promusica.org.pl\/en\/#\/schema\/logo\/image\/","url":"https:\/\/promusica.org.pl\/assets\/cropped-logo.jpg","contentUrl":"https:\/\/promusica.org.pl\/assets\/cropped-logo.jpg","width":239,"height":95,"caption":"Pro Musica"},"image":{"@id":"https:\/\/promusica.org.pl\/en\/#\/schema\/logo\/image\/"}}]}},"description":{"rendered":"<p class=\"attachment\"><a href='https:\/\/promusica.org.pl\/assets\/internet-Karina-Komendera-104.jpg'><img loading=\"lazy\" decoding=\"async\" width=\"290\" height=\"194\" src=\"https:\/\/promusica.org.pl\/assets\/internet-Karina-Komendera-104-290x194.jpg\" class=\"attachment-medium size-medium\" alt=\"\" srcset=\"https:\/\/promusica.org.pl\/assets\/internet-Karina-Komendera-104-290x194.jpg 290w, https:\/\/promusica.org.pl\/assets\/internet-Karina-Komendera-104-160x106.jpg 160w\" sizes=\"auto, (max-width: 290px) 100vw, 290px\" \/><\/a><\/p>\n"},"caption":{"rendered":""},"alt_text":"","media_type":"image","mime_type":"image\/jpeg","media_details":{"width":933,"height":1400,"file":"internet-Karina-Komendera-104.jpg","filesize":252264,"sizes":{"medium":{"file":"internet-Karina-Komendera-104-290x194.jpg","width":290,"height":194,"filesize":7032,"mime_type":"image\/jpeg","source_url":"https:\/\/promusica.org.pl\/assets\/internet-Karina-Komendera-104-290x194.jpg"},"large":{"file":"internet-Karina-Komendera-104-666x999.jpg","width":666,"height":999,"filesize":56445,"mime_type":"image\/jpeg","source_url":"https:\/\/promusica.org.pl\/assets\/internet-Karina-Komendera-104-666x999.jpg"},"thumbnail":{"file":"internet-Karina-Komendera-104-160x106.jpg","width":160,"height":106,"filesize":3087,"mime_type":"image\/jpeg","source_url":"https:\/\/promusica.org.pl\/assets\/internet-Karina-Komendera-104-160x106.jpg"},"medium_large":{"file":"internet-Karina-Komendera-104-768x1152.jpg","width":768,"height":1152,"filesize":74252,"mime_type":"image\/jpeg","source_url":"https:\/\/promusica.org.pl\/assets\/internet-Karina-Komendera-104-768x1152.jpg"},"full":{"file":"internet-Karina-Komendera-104.jpg","width":933,"height":1400,"mime_type":"image\/jpeg","source_url":"https:\/\/promusica.org.pl\/assets\/internet-Karina-Komendera-104.jpg"}},"image_meta":{"aperture":"6.3","credit":"KINGA KARPATI &amp; DANIEL ZAREWICZ","camera":"Canon EOS 5D Mark III","caption":"","created_timestamp":"1674476907","copyright":"KINGA KARPATI &amp; DANIEL ZAREWICZ","focal_length":"70","iso":"200","shutter_speed":"0.00625","title":"","orientation":"1","keywords":[]}},"post":4546,"source_url":"https:\/\/promusica.org.pl\/assets\/internet-Karina-Komendera-104.jpg","_links":{"self":[{"href":"https:\/\/promusica.org.pl\/en\/wp-json\/wp\/v2\/media\/4830","targetHints":{"allow":["GET"]}}],"collection":[{"href":"https:\/\/promusica.org.pl\/en\/wp-json\/wp\/v2\/media"}],"about":[{"href":"https:\/\/promusica.org.pl\/en\/wp-json\/wp\/v2\/types\/attachment"}],"author":[{"embeddable":true,"href":"https:\/\/promusica.org.pl\/en\/wp-json\/wp\/v2\/users\/2"}],"replies":[{"embeddable":true,"href":"https:\/\/promusica.org.pl\/en\/wp-json\/wp\/v2\/comments?post=4830"}]}}

<!-- This site is optimized with the Yoast SEO plugin v26.4 - https://yoast.com/wordpress/plugins/seo/ -->
<title>[internet] Karina Komendera 104 - Pro Musica</title>
<meta name="robots" content="index, follow, max-snippet:-1, max-image-preview:large, max-video-preview:-1" />
<link rel="canonical" href="https://promusica.org.pl/assets/internet-Karina-Komendera-104.jpg" />
<meta property="og:locale" content="en_US" />
<meta property="og:type" content="article" />
<meta property="og:title" content="[internet] Karina Komendera 104 - Pro Musica" />
<meta property="og:url" content="https://promusica.org.pl/assets/internet-Karina-Komendera-104.jpg" />
<meta property="og:site_name" content="Pro Musica" />
<meta property="article:modified_time" content="2025-04-12T12:22:47+00:00" />
<meta property="og:image" content="https://promusica.org.pl/assets/internet-Karina-Komendera-104.jpg" />
	<meta property="og:image:width" content="933" />
	<meta property="og:image:height" content="1400" />
	<meta property="og:image:type" content="image/jpeg" />
<script type="application/ld+json" class="yoast-schema-graph">{"@context":"https://schema.org","@graph":[{"@type":"WebPage","@id":"https://promusica.org.pl/assets/internet-Karina-Komendera-104.jpg","url":"https://promusica.org.pl/assets/internet-Karina-Komendera-104.jpg","name":"[internet] Karina Komendera 104 - Pro Musica","isPartOf":{"@id":"https://promusica.org.pl/en/#website"},"datePublished":"2025-04-12T12:22:08+00:00","dateModified":"2025-04-12T12:22:47+00:00","breadcrumb":{"@id":"https://promusica.org.pl/assets/internet-Karina-Komendera-104.jpg#breadcrumb"},"inLanguage":"en-US","potentialAction":[{"@type":"ReadAction","target":[["https://promusica.org.pl/assets/internet-Karina-Komendera-104.jpg"]]}]},{"@type":"BreadcrumbList","@id":"https://promusica.org.pl/assets/internet-Karina-Komendera-104.jpg#breadcrumb","itemListElement":[{"@type":"ListItem","position":1,"name":"Strona główna","item":"https://promusica.org.pl/en/"},{"@type":"ListItem","position":2,"name":"VII Międzynarodowy Konkurs Instrumentów Dętych i Smyczkowych FINALIS 2025","item":"https://promusica.org.pl/en/vii-miedzynarodowy-konkurs-instrumentow-detych-i-smyczkowych-finalis-2025/"},{"@type":"ListItem","position":3,"name":"Akompaniatorzy Finalis 2025","item":"https://promusica.org.pl/en/vii-miedzynarodowy-konkurs-instrumentow-detych-i-smyczkowych-finalis-2025/akompaniatorzy-finalis-2025/"},{"@type":"ListItem","position":4,"name":"[internet] Karina Komendera 104"}]},{"@type":"WebSite","@id":"https://promusica.org.pl/en/#website","url":"https://promusica.org.pl/en/","name":"Pro Musica","description":"warsztaty muzyczne, warsztaty orkiestrowe, konkurs na instrumenty solo","publisher":{"@id":"https://promusica.org.pl/en/#organization"},"potentialAction":[{"@type":"SearchAction","target":{"@type":"EntryPoint","urlTemplate":"https://promusica.org.pl/en/?s={search_term_string}"},"query-input":{"@type":"PropertyValueSpecification","valueRequired":true,"valueName":"search_term_string"}}],"inLanguage":"en-US"},{"@type":"Organization","@id":"https://promusica.org.pl/en/#organization","name":"Pro Musica","url":"https://promusica.org.pl/en/","logo":{"@type":"ImageObject","inLanguage":"en-US","@id":"https://promusica.org.pl/en/#/schema/logo/image/","url":"https://promusica.org.pl/assets/cropped-logo.jpg","contentUrl":"https://promusica.org.pl/assets/cropped-logo.jpg","width":239,"height":95,"caption":"Pro Musica"},"image":{"@id":"https://promusica.org.pl/en/#/schema/logo/image/"}}]}</script>
<!-- / Yoast SEO plugin. -->

Strona główna

VII Międzynarodowy Konkurs Instrumentów Dętych i Smyczkowych FINALIS 2025
