{"id":2854,"date":"2019-04-17T16:05:07","date_gmt":"2019-04-17T16:05:07","guid":{"rendered":"http:\/\/promusica.org.pl\/assets\/ZM-CONCEPT-logo.bmp"},"modified":"2019-04-17T16:08:31","modified_gmt":"2019-04-17T16:08:31","slug":"zm-concept-logo-2","status":"inherit","type":"attachment","link":"https:\/\/promusica.org.pl\/en\/iv-miedzynarodowy-konkurs-instrumentow-detych-finalis-2019\/zm-concept-logo-2\/","title":{"rendered":"ZM CONCEPT logo"},"author":2,"featured_media":0,"comment_status":"closed","ping_status":"closed","template":"","meta":{"_kad_post_transparent":"","_kad_post_title":"","_kad_post_layout":"","_kad_post_sidebar_id":"","_kad_post_content_style":"","_kad_post_vertical_padding":"","_kad_post_feature":"","_kad_post_feature_position":"","_kad_post_header":false,"_kad_post_footer":false},"class_list":["post-2854","attachment","type-attachment","status-inherit","hentry"],"yoast_head":"<!-- This site is optimized with the Yoast SEO plugin v26.4 - https:\/\/yoast.com\/wordpress\/plugins\/seo\/ -->\n<title>ZM CONCEPT logo - Pro Musica<\/title>\n<meta name=\"robots\" content=\"index, follow, max-snippet:-1, max-image-preview:large, max-video-preview:-1\" \/>\n<link rel=\"canonical\" href=\"https:\/\/promusica.org.pl\/en\/assets\/ZM-CONCEPT-logo.bmp\" \/>\n<meta property=\"og:locale\" content=\"en_US\" \/>\n<meta property=\"og:type\" content=\"article\" \/>\n<meta property=\"og:title\" content=\"ZM CONCEPT logo - Pro Musica\" \/>\n<meta property=\"og:url\" content=\"https:\/\/promusica.org.pl\/en\/assets\/ZM-CONCEPT-logo.bmp\" \/>\n<meta property=\"og:site_name\" content=\"Pro Musica\" \/>\n<meta property=\"article:modified_time\" content=\"2019-04-17T16:08:31+00:00\" \/>\n<script type=\"application\/ld+json\" class=\"yoast-schema-graph\">{\"@context\":\"https:\/\/schema.org\",\"@graph\":[{\"@type\":\"WebPage\",\"@id\":\"https:\/\/promusica.org.pl\/en\/assets\/ZM-CONCEPT-logo.bmp\",\"url\":\"https:\/\/promusica.org.pl\/en\/assets\/ZM-CONCEPT-logo.bmp\",\"name\":\"ZM CONCEPT logo - Pro Musica\",\"isPartOf\":{\"@id\":\"https:\/\/promusica.org.pl\/en\/#website\"},\"datePublished\":\"2019-04-17T16:05:07+00:00\",\"dateModified\":\"2019-04-17T16:08:31+00:00\",\"breadcrumb\":{\"@id\":\"https:\/\/promusica.org.pl\/en\/assets\/ZM-CONCEPT-logo.bmp#breadcrumb\"},\"inLanguage\":\"en-US\",\"potentialAction\":[{\"@type\":\"ReadAction\",\"target\":[[\"https:\/\/promusica.org.pl\/en\/assets\/ZM-CONCEPT-logo.bmp\"]]}]},{\"@type\":\"BreadcrumbList\",\"@id\":\"https:\/\/promusica.org.pl\/en\/assets\/ZM-CONCEPT-logo.bmp#breadcrumb\",\"itemListElement\":[{\"@type\":\"ListItem\",\"position\":1,\"name\":\"Strona g\u0142\u00f3wna\",\"item\":\"https:\/\/promusica.org.pl\/en\/\"},{\"@type\":\"ListItem\",\"position\":2,\"name\":\"IV Mi\u0119dzynarodowy Konkurs Instrument\u00f3w D\u0119tych FINALIS 2019\",\"item\":\"https:\/\/promusica.org.pl\/en\/iv-miedzynarodowy-konkurs-instrumentow-detych-finalis-2019\/\"},{\"@type\":\"ListItem\",\"position\":3,\"name\":\"ZM CONCEPT logo\"}]},{\"@type\":\"WebSite\",\"@id\":\"https:\/\/promusica.org.pl\/en\/#website\",\"url\":\"https:\/\/promusica.org.pl\/en\/\",\"name\":\"Pro Musica\",\"description\":\"warsztaty muzyczne, warsztaty orkiestrowe, konkurs na instrumenty solo\",\"publisher\":{\"@id\":\"https:\/\/promusica.org.pl\/en\/#organization\"},\"potentialAction\":[{\"@type\":\"SearchAction\",\"target\":{\"@type\":\"EntryPoint\",\"urlTemplate\":\"https:\/\/promusica.org.pl\/en\/?s={search_term_string}\"},\"query-input\":{\"@type\":\"PropertyValueSpecification\",\"valueRequired\":true,\"valueName\":\"search_term_string\"}}],\"inLanguage\":\"en-US\"},{\"@type\":\"Organization\",\"@id\":\"https:\/\/promusica.org.pl\/en\/#organization\",\"name\":\"Pro Musica\",\"url\":\"https:\/\/promusica.org.pl\/en\/\",\"logo\":{\"@type\":\"ImageObject\",\"inLanguage\":\"en-US\",\"@id\":\"https:\/\/promusica.org.pl\/en\/#\/schema\/logo\/image\/\",\"url\":\"https:\/\/promusica.org.pl\/assets\/cropped-logo.jpg\",\"contentUrl\":\"https:\/\/promusica.org.pl\/assets\/cropped-logo.jpg\",\"width\":239,\"height\":95,\"caption\":\"Pro Musica\"},\"image\":{\"@id\":\"https:\/\/promusica.org.pl\/en\/#\/schema\/logo\/image\/\"}}]}<\/script>\n<!-- \/ Yoast SEO plugin. -->","yoast_head_json":{"title":"ZM CONCEPT logo - Pro Musica","robots":{"index":"index","follow":"follow","max-snippet":"max-snippet:-1","max-image-preview":"max-image-preview:large","max-video-preview":"max-video-preview:-1"},"canonical":"https:\/\/promusica.org.pl\/en\/assets\/ZM-CONCEPT-logo.bmp","og_locale":"en_US","og_type":"article","og_title":"ZM CONCEPT logo - Pro Musica","og_url":"https:\/\/promusica.org.pl\/en\/assets\/ZM-CONCEPT-logo.bmp","og_site_name":"Pro Musica","article_modified_time":"2019-04-17T16:08:31+00:00","schema":{"@context":"https:\/\/schema.org","@graph":[{"@type":"WebPage","@id":"https:\/\/promusica.org.pl\/en\/assets\/ZM-CONCEPT-logo.bmp","url":"https:\/\/promusica.org.pl\/en\/assets\/ZM-CONCEPT-logo.bmp","name":"ZM CONCEPT logo - Pro Musica","isPartOf":{"@id":"https:\/\/promusica.org.pl\/en\/#website"},"datePublished":"2019-04-17T16:05:07+00:00","dateModified":"2019-04-17T16:08:31+00:00","breadcrumb":{"@id":"https:\/\/promusica.org.pl\/en\/assets\/ZM-CONCEPT-logo.bmp#breadcrumb"},"inLanguage":"en-US","potentialAction":[{"@type":"ReadAction","target":[["https:\/\/promusica.org.pl\/en\/assets\/ZM-CONCEPT-logo.bmp"]]}]},{"@type":"BreadcrumbList","@id":"https:\/\/promusica.org.pl\/en\/assets\/ZM-CONCEPT-logo.bmp#breadcrumb","itemListElement":[{"@type":"ListItem","position":1,"name":"Strona g\u0142\u00f3wna","item":"https:\/\/promusica.org.pl\/en\/"},{"@type":"ListItem","position":2,"name":"IV Mi\u0119dzynarodowy Konkurs Instrument\u00f3w D\u0119tych FINALIS 2019","item":"https:\/\/promusica.org.pl\/en\/iv-miedzynarodowy-konkurs-instrumentow-detych-finalis-2019\/"},{"@type":"ListItem","position":3,"name":"ZM CONCEPT logo"}]},{"@type":"WebSite","@id":"https:\/\/promusica.org.pl\/en\/#website","url":"https:\/\/promusica.org.pl\/en\/","name":"Pro Musica","description":"warsztaty muzyczne, warsztaty orkiestrowe, konkurs na instrumenty solo","publisher":{"@id":"https:\/\/promusica.org.pl\/en\/#organization"},"potentialAction":[{"@type":"SearchAction","target":{"@type":"EntryPoint","urlTemplate":"https:\/\/promusica.org.pl\/en\/?s={search_term_string}"},"query-input":{"@type":"PropertyValueSpecification","valueRequired":true,"valueName":"search_term_string"}}],"inLanguage":"en-US"},{"@type":"Organization","@id":"https:\/\/promusica.org.pl\/en\/#organization","name":"Pro Musica","url":"https:\/\/promusica.org.pl\/en\/","logo":{"@type":"ImageObject","inLanguage":"en-US","@id":"https:\/\/promusica.org.pl\/en\/#\/schema\/logo\/image\/","url":"https:\/\/promusica.org.pl\/assets\/cropped-logo.jpg","contentUrl":"https:\/\/promusica.org.pl\/assets\/cropped-logo.jpg","width":239,"height":95,"caption":"Pro Musica"},"image":{"@id":"https:\/\/promusica.org.pl\/en\/#\/schema\/logo\/image\/"}}]}},"description":{"rendered":"<p class=\"attachment\"><a href='https:\/\/promusica.org.pl\/assets\/ZM-CONCEPT-logo.bmp'><img loading=\"lazy\" decoding=\"async\" width=\"290\" height=\"147\" src=\"https:\/\/promusica.org.pl\/assets\/ZM-CONCEPT-logo.bmp\" class=\"attachment-medium size-medium\" alt=\"\" \/><\/a><\/p>\n"},"caption":{"rendered":""},"alt_text":"","media_type":"image","mime_type":"image\/bmp","media_details":{"width":1000,"height":507,"file":"ZM-CONCEPT-logo.bmp","image_meta":{"aperture":0,"credit":"","camera":"","caption":"","created_timestamp":0,"copyright":"","focal_length":0,"iso":0,"shutter_speed":0,"title":"","orientation":0},"sizes":{}},"post":2682,"source_url":"https:\/\/promusica.org.pl\/assets\/ZM-CONCEPT-logo.bmp","_links":{"self":[{"href":"https:\/\/promusica.org.pl\/en\/wp-json\/wp\/v2\/media\/2854","targetHints":{"allow":["GET"]}}],"collection":[{"href":"https:\/\/promusica.org.pl\/en\/wp-json\/wp\/v2\/media"}],"about":[{"href":"https:\/\/promusica.org.pl\/en\/wp-json\/wp\/v2\/types\/attachment"}],"author":[{"embeddable":true,"href":"https:\/\/promusica.org.pl\/en\/wp-json\/wp\/v2\/users\/2"}],"replies":[{"embeddable":true,"href":"https:\/\/promusica.org.pl\/en\/wp-json\/wp\/v2\/comments?post=2854"}]}}

<!-- This site is optimized with the Yoast SEO plugin v26.4 - https://yoast.com/wordpress/plugins/seo/ -->
<title>ZM CONCEPT logo - Pro Musica</title>
<meta name="robots" content="index, follow, max-snippet:-1, max-image-preview:large, max-video-preview:-1" />
<link rel="canonical" href="https://promusica.org.pl/en/assets/ZM-CONCEPT-logo.bmp" />
<meta property="og:locale" content="en_US" />
<meta property="og:type" content="article" />
<meta property="og:title" content="ZM CONCEPT logo - Pro Musica" />
<meta property="og:url" content="https://promusica.org.pl/en/assets/ZM-CONCEPT-logo.bmp" />
<meta property="og:site_name" content="Pro Musica" />
<meta property="article:modified_time" content="2019-04-17T16:08:31+00:00" />
<script type="application/ld+json" class="yoast-schema-graph">{"@context":"https://schema.org","@graph":[{"@type":"WebPage","@id":"https://promusica.org.pl/en/assets/ZM-CONCEPT-logo.bmp","url":"https://promusica.org.pl/en/assets/ZM-CONCEPT-logo.bmp","name":"ZM CONCEPT logo - Pro Musica","isPartOf":{"@id":"https://promusica.org.pl/en/#website"},"datePublished":"2019-04-17T16:05:07+00:00","dateModified":"2019-04-17T16:08:31+00:00","breadcrumb":{"@id":"https://promusica.org.pl/en/assets/ZM-CONCEPT-logo.bmp#breadcrumb"},"inLanguage":"en-US","potentialAction":[{"@type":"ReadAction","target":[["https://promusica.org.pl/en/assets/ZM-CONCEPT-logo.bmp"]]}]},{"@type":"BreadcrumbList","@id":"https://promusica.org.pl/en/assets/ZM-CONCEPT-logo.bmp#breadcrumb","itemListElement":[{"@type":"ListItem","position":1,"name":"Strona główna","item":"https://promusica.org.pl/en/"},{"@type":"ListItem","position":2,"name":"IV Międzynarodowy Konkurs Instrumentów Dętych FINALIS 2019","item":"https://promusica.org.pl/en/iv-miedzynarodowy-konkurs-instrumentow-detych-finalis-2019/"},{"@type":"ListItem","position":3,"name":"ZM CONCEPT logo"}]},{"@type":"WebSite","@id":"https://promusica.org.pl/en/#website","url":"https://promusica.org.pl/en/","name":"Pro Musica","description":"warsztaty muzyczne, warsztaty orkiestrowe, konkurs na instrumenty solo","publisher":{"@id":"https://promusica.org.pl/en/#organization"},"potentialAction":[{"@type":"SearchAction","target":{"@type":"EntryPoint","urlTemplate":"https://promusica.org.pl/en/?s={search_term_string}"},"query-input":{"@type":"PropertyValueSpecification","valueRequired":true,"valueName":"search_term_string"}}],"inLanguage":"en-US"},{"@type":"Organization","@id":"https://promusica.org.pl/en/#organization","name":"Pro Musica","url":"https://promusica.org.pl/en/","logo":{"@type":"ImageObject","inLanguage":"en-US","@id":"https://promusica.org.pl/en/#/schema/logo/image/","url":"https://promusica.org.pl/assets/cropped-logo.jpg","contentUrl":"https://promusica.org.pl/assets/cropped-logo.jpg","width":239,"height":95,"caption":"Pro Musica"},"image":{"@id":"https://promusica.org.pl/en/#/schema/logo/image/"}}]}</script>
<!-- / Yoast SEO plugin. -->

Strona główna

IV Międzynarodowy Konkurs Instrumentów Dętych FINALIS 2019
